[INFO] cloning repository https://github.com/g-w1/textedit
[INFO] running `Command { std: "git" "-c" "credential.helper=" "-c" "credential.helper=/workspace/cargo-home/bin/git-credential-null" "clone" "--bare" "https://github.com/g-w1/textedit" "/workspace/cache/git-repos/https%3A%2F%2Fgithub.com%2Fg-w1%2Ftextedit", kill_on_drop: false }`
[INFO] [stderr] Cloning into bare repository '/workspace/cache/git-repos/https%3A%2F%2Fgithub.com%2Fg-w1%2Ftextedit'...
[INFO] running `Command { std: "git" "rev-parse" "HEAD", kill_on_drop: false }`
[INFO] [stdout] f1881a8a53dc2c781cc0b76e4a24d61761c73179
[INFO] building g-w1/textedit against master#ff34b919075f35a1787659e9c448a34b06bab8de for issue-85264
[INFO] running `Command { std: "git" "clone" "/workspace/cache/git-repos/https%3A%2F%2Fgithub.com%2Fg-w1%2Ftextedit" "/workspace/builds/worker-15/source", kill_on_drop: false }`
[INFO] [stderr] Cloning into '/workspace/builds/worker-15/source'...
[INFO] [stderr] done.
[INFO] validating manifest of git repo https://github.com/g-w1/textedit on toolchain ff34b919075f35a1787659e9c448a34b06bab8de
[INFO] running `Command { std: "/workspace/cargo-home/bin/cargo" "+ff34b919075f35a1787659e9c448a34b06bab8de" "metadata" "--manifest-path" "Cargo.toml" "--no-deps", kill_on_drop: false }`
[INFO] started tweaking git repo https://github.com/g-w1/textedit
[INFO] finished tweaking git repo https://github.com/g-w1/textedit
[INFO] tweaked toml for git repo https://github.com/g-w1/textedit written to /workspace/builds/worker-15/source/Cargo.toml
[INFO] crate git repo https://github.com/g-w1/textedit already has a lockfile, it will not be regenerated
[INFO] running `Command { std: "/workspace/cargo-home/bin/cargo" "+ff34b919075f35a1787659e9c448a34b06bab8de" "fetch" "--manifest-path" "Cargo.toml", kill_on_drop: false }`
[INFO] [stderr]     Blocking waiting for file lock on package cache
[INFO] running `Command { std: "docker" "create" "-v" "/var/lib/crater-agent-workspace/builds/worker-15/target:/opt/rustwide/target:rw,Z" "-v" "/var/lib/crater-agent-workspace/builds/worker-15/source:/opt/rustwide/workdir:ro,Z" "-v" "/var/lib/crater-agent-workspace/cargo-home:/opt/rustwide/cargo-home:ro,Z" "-v" "/var/lib/crater-agent-workspace/rustup-home:/opt/rustwide/rustup-home:ro,Z" "-e" "SOURCE_DIR=/opt/rustwide/workdir" "-e" "CARGO_TARGET_DIR=/opt/rustwide/target" "-e" "CARGO_HOME=/opt/rustwide/cargo-home" "-e" "RUSTUP_HOME=/opt/rustwide/rustup-home" "-w" "/opt/rustwide/workdir" "-m" "1610612736" "--user" "0:0" "--network" "none" "ghcr.io/rust-lang/crates-build-env/linux@sha256:20528e8c29e4536546f0102ce88568b16ea7538393a33fcca951030f7af10457" "/opt/rustwide/cargo-home/bin/cargo" "+ff34b919075f35a1787659e9c448a34b06bab8de" "metadata" "--no-deps" "--format-version=1", kill_on_drop: false }`
[INFO] [stdout] 83bc3e886573ae702b0ea2e1be103d5e010583363b2bed7b52f6e078be1e6d79
[INFO] [stderr] WARNING: Your kernel does not support swap limit capabilities or the cgroup is not mounted. Memory limited without swap.
[INFO] running `Command { std: "docker" "start" "-a" "83bc3e886573ae702b0ea2e1be103d5e010583363b2bed7b52f6e078be1e6d79", kill_on_drop: false }`
[INFO] running `Command { std: "docker" "inspect" "83bc3e886573ae702b0ea2e1be103d5e010583363b2bed7b52f6e078be1e6d79", kill_on_drop: false }`
[INFO] running `Command { std: "docker" "rm" "-f" "83bc3e886573ae702b0ea2e1be103d5e010583363b2bed7b52f6e078be1e6d79", kill_on_drop: false }`
[INFO] [stdout] 83bc3e886573ae702b0ea2e1be103d5e010583363b2bed7b52f6e078be1e6d79
[INFO] running `Command { std: "docker" "create" "-v" "/var/lib/crater-agent-workspace/builds/worker-15/target:/opt/rustwide/target:rw,Z" "-v" "/var/lib/crater-agent-workspace/builds/worker-15/source:/opt/rustwide/workdir:ro,Z" "-v" "/var/lib/crater-agent-workspace/cargo-home:/opt/rustwide/cargo-home:ro,Z" "-v" "/var/lib/crater-agent-workspace/rustup-home:/opt/rustwide/rustup-home:ro,Z" "-e" "SOURCE_DIR=/opt/rustwide/workdir" "-e" "CARGO_TARGET_DIR=/opt/rustwide/target" "-e" "CARGO_INCREMENTAL=0" "-e" "RUST_BACKTRACE=full" "-e" "RUSTFLAGS=--cap-lints=forbid" "-e" "CARGO_HOME=/opt/rustwide/cargo-home" "-e" "RUSTUP_HOME=/opt/rustwide/rustup-home" "-w" "/opt/rustwide/workdir" "-m" "1610612736" "--user" "0:0" "--network" "none" "ghcr.io/rust-lang/crates-build-env/linux@sha256:20528e8c29e4536546f0102ce88568b16ea7538393a33fcca951030f7af10457" "/opt/rustwide/cargo-home/bin/cargo" "+ff34b919075f35a1787659e9c448a34b06bab8de" "build" "--frozen" "--message-format=json", kill_on_drop: false }`
[INFO] [stdout] 68a394f83dc82373b4d6b19742afd593fd010315afe27992e86c9b4bdb6dd030
[INFO] [stderr] WARNING: Your kernel does not support swap limit capabilities or the cgroup is not mounted. Memory limited without swap.
[INFO] running `Command { std: "docker" "start" "-a" "68a394f83dc82373b4d6b19742afd593fd010315afe27992e86c9b4bdb6dd030", kill_on_drop: false }`
[INFO] [stderr]    Compiling libc v0.2.71
[INFO] [stderr]    Compiling numtoa v0.1.0
[INFO] [stderr]    Compiling termion v1.5.5
[INFO] [stderr]    Compiling termedit v0.1.0 (/opt/rustwide/workdir)
[INFO] [stdout] error: expected one of `)`, `,`, `.`, `?`, or an operator, found `;`
[INFO] [stdout]   --> src/main.rs:14:20
[INFO] [stdout]    |
[INFO] [stdout] 13 |     let edit = Editor::new(
[INFO] [stdout]    |                           - unclosed delimiter
[INFO] [stdout] 14 |     Editor::start();
[INFO] [stdout]    |                    ^ help: `)` may belong here
[INFO] [stdout] 
[INFO] [stdout] 
[INFO] [stdout] error: expected expression, found `)`
[INFO] [stdout]   --> src/main.rs:15:1
[INFO] [stdout]    |
[INFO] [stdout] 15 | }
[INFO] [stdout]    | ^ expected expression
[INFO] [stdout] 
[INFO] [stdout] 
[INFO] [stdout] error: expected identifier, found keyword `break`
[INFO] [stdout]   --> src/core_edit/editor.rs:32:13
[INFO] [stdout]    |
[INFO] [stdout] 32 |         let break: bool = false;
[INFO] [stdout]    |             ^^^^^ expected identifier, found keyword
[INFO] [stdout]    |
[INFO] [stdout] help: you can escape reserved keywords to use them as identifiers
[INFO] [stdout]    |
[INFO] [stdout] 32 |         let r#break: bool = false;
[INFO] [stdout]    |             ^^^^^^^
[INFO] [stdout] 
[INFO] [stdout] 
[INFO] [stdout] error[E0425]: cannot find value `string` in this scope
[INFO] [stdout]   --> src/core_edit/editor.rs:26:41
[INFO] [stdout]    |
[INFO] [stdout] 26 |         let buff = Buffer::new_from_str(string);
[INFO] [stdout]    |                                         ^^^^^^ not found in this scope
[INFO] [stdout] 
[INFO] [stdout] 
[INFO] [stdout] warning: unused import: `crate::io`
[INFO] [stdout]  --> src/core_edit/editor.rs:4:5
[INFO] [stdout]   |
[INFO] [stdout] 4 | use crate::io;
[INFO] [stdout]   |     ^^^^^^^^^
[INFO] [stdout]   |
[INFO] [stdout]   = note: `#[warn(unused_imports)]` on by default
[INFO] [stdout] 
[INFO] [stdout] 
[INFO] [stdout] warning: unused import: `crate::io::key_getter::next_key`
[INFO] [stdout]  --> src/cursor/cursor.rs:1:5
[INFO] [stdout]   |
[INFO] [stdout] 1 | use crate::io::key_getter::next_key;
[INFO] [stdout]   |     ^^^^^^^^^^^^^^^^^^^^^^^^^^^^^^^
[INFO] [stdout] 
[INFO] [stdout] 
[INFO] [stdout] warning: unused import: `crate::core_edit::editor::Editor`
[INFO] [stdout]  --> src/io/graphics/dispbuffer.rs:2:5
[INFO] [stdout]   |
[INFO] [stdout] 2 | use crate::core_edit::editor::Editor;
[INFO] [stdout]   |     ^^^^^^^^^^^^^^^^^^^^^^^^^^^^^^^^
[INFO] [stdout] 
[INFO] [stdout] 
[INFO] [stdout] warning: unused imports: `Write`, `stdout`
[INFO] [stdout]  --> src/io/graphics/dispbuffer.rs:3:15
[INFO] [stdout]   |
[INFO] [stdout] 3 | use std::io::{stdout, Write};
[INFO] [stdout]   |               ^^^^^^  ^^^^^
[INFO] [stdout] 
[INFO] [stdout] 
[INFO] [stdout] warning: unused import: `termion::terminal_size`
[INFO] [stdout]  --> src/io/graphics/dispbuffer.rs:6:5
[INFO] [stdout]   |
[INFO] [stdout] 6 | use termion::terminal_size;
[INFO] [stdout]   |     ^^^^^^^^^^^^^^^^^^^^^^
[INFO] [stdout] 
[INFO] [stdout] 
[INFO] [stdout] warning: unused import: `stdout`
[INFO] [stdout]  --> src/io/key_getter.rs:2:22
[INFO] [stdout]   |
[INFO] [stdout] 2 | use std::io::{stdin, stdout}; //, Read, Write};
[INFO] [stdout]   |                      ^^^^^^
[INFO] [stdout] 
[INFO] [stdout] 
[INFO] [stdout] warning: unused import: `termion::raw::IntoRawMode`
[INFO] [stdout]  --> src/io/key_getter.rs:6:5
[INFO] [stdout]   |
[INFO] [stdout] 6 | use termion::raw::IntoRawMode;
[INFO] [stdout]   |     ^^^^^^^^^^^^^^^^^^^^^^^^^
[INFO] [stdout] 
[INFO] [stdout] 
[INFO] [stdout] error[E0624]: associated function `new` is private
[INFO] [stdout]   --> src/main.rs:13:24
[INFO] [stdout]    |
[INFO] [stdout] 13 |     let edit = Editor::new(
[INFO] [stdout]    |                        ^^^ private associated function
[INFO] [stdout] 
[INFO] [stdout] 
[INFO] [stdout] error[E0061]: this function takes 2 arguments but 1 argument was supplied
[INFO] [stdout]   --> src/main.rs:13:16
[INFO] [stdout]    |
[INFO] [stdout] 13 |     let edit = Editor::new(
[INFO] [stdout]    |                ^^^^^^^^^^^ expected 2 arguments
[INFO] [stdout] 14 |     Editor::start();
[INFO] [stdout]    |     --------------- supplied 1 argument
[INFO] [stdout]    |
[INFO] [stdout] note: associated function defined here
[INFO] [stdout]   --> src/core_edit/editor.rs:15:8
[INFO] [stdout]    |
[INFO] [stdout] 15 |     fn new(cursor: Caret, buff: Buffer) {
[INFO] [stdout]    |        ^^^ -------------  ------------
[INFO] [stdout] 
[INFO] [stdout] 
[INFO] [stdout] error[E0061]: this function takes 1 argument but 0 arguments were supplied
[INFO] [stdout]   --> src/main.rs:14:5
[INFO] [stdout]    |
[INFO] [stdout] 14 |     Editor::start();
[INFO] [stdout]    |     ^^^^^^^^^^^^^-- supplied 0 arguments
[INFO] [stdout]    |     |
[INFO] [stdout]    |     expected 1 argument
[INFO] [stdout]    |
[INFO] [stdout] note: associated function defined here
[INFO] [stdout]   --> src/core_edit/editor.rs:24:12
[INFO] [stdout]    |
[INFO] [stdout] 24 |     pub fn start(&mut self) {
[INFO] [stdout]    |            ^^^^^ ---------
[INFO] [stdout] 
[INFO] [stdout] 
[INFO] [stdout] error[E0308]: mismatched types
[INFO] [stdout]   --> src/core_edit/editor.rs:21:19
[INFO] [stdout]    |
[INFO] [stdout] 21 |             buff: cursor,
[INFO] [stdout]    |                   ^^^^^^ expected struct `Buffer`, found struct `Caret`
[INFO] [stdout] 
[INFO] [stdout] 
[INFO] [stdout] error[E0308]: mismatched types
[INFO] [stdout]   --> src/core_edit/editor.rs:16:9
[INFO] [stdout]    |
[INFO] [stdout] 15 |       fn new(cursor: Caret, buff: Buffer) {
[INFO] [stdout]    |                                           - expected `()` because of default return type
[INFO] [stdout] 16 | /         Editor {
[INFO] [stdout] 17 | |             caret: Caret {
[INFO] [stdout] 18 | |                 mode: CursorType::Normal,
[INFO] [stdout] 19 | |                 pos: (0,0)
[INFO] [stdout] 20 | |             },
[INFO] [stdout] 21 | |             buff: cursor,
[INFO] [stdout] 22 | |         }
[INFO] [stdout]    | |_________^ expected `()`, found struct `Editor`
[INFO] [stdout] 
[INFO] [stdout] 
[INFO] [stdout] error[E0599]: no function or associated item named `self` found for struct `Editor` in the current scope
[INFO] [stdout]   --> src/core_edit/editor.rs:28:32
[INFO] [stdout]    |
[INFO] [stdout] 9  | pub struct Editor {
[INFO] [stdout]    | ----------------- function or associated item `self` not found for this
[INFO] [stdout] ...
[INFO] [stdout] 28 |         let thisedit = Editor::self.loop_fn();
[INFO] [stdout]    |                                ^^^^ function or associated item not found in `Editor`
[INFO] [stdout] 
[INFO] [stdout] 
[INFO] [stdout] error: aborting due to 10 previous errors; 7 warnings emitted
[INFO] [stdout] 
[INFO] [stdout] 
[INFO] [stdout] Some errors have detailed explanations: E0061, E0308, E0425, E0599, E0624.
[INFO] [stdout] 
[INFO] [stdout] For more information about an error, try `rustc --explain E0061`.
[INFO] [stdout] 
[INFO] [stderr] error: could not compile `termedit`
[INFO] [stderr] 
[INFO] [stderr] To learn more, run the command again with --verbose.
[INFO] running `Command { std: "docker" "inspect" "68a394f83dc82373b4d6b19742afd593fd010315afe27992e86c9b4bdb6dd030", kill_on_drop: false }`
[INFO] running `Command { std: "docker" "rm" "-f" "68a394f83dc82373b4d6b19742afd593fd010315afe27992e86c9b4bdb6dd030", kill_on_drop: false }`
[INFO] [stdout] 68a394f83dc82373b4d6b19742afd593fd010315afe27992e86c9b4bdb6dd030
